{"id":2328,"date":"2018-10-23T10:11:33","date_gmt":"2018-10-23T13:11:33","guid":{"rendered":"https:\/\/bbt.crp.ufv.br\/?page_id=2328"},"modified":"2018-10-30T14:36:58","modified_gmt":"2018-10-30T17:36:58","slug":"visitas","status":"publish","type":"page","link":"https:\/\/bbt.crp.ufv.br\/?page_id=2328","title":{"rendered":"Visitas"},"content":{"rendered":"<p>Servi\u00e7o de visita orientada oferecido \u00e0 comunidade para o conhecimento do espa\u00e7o f\u00edsico e das rotinas de trabalho da Biblioteca.<\/p>\n<p>Para mais informa\u00e7\u00f5es, contate: Chefe da Biblioteca<\/p>\n<p>Local : Sala BBT 118 \u2013 Telefone : (34) 3855-9363 \/ e-mail: crislene<a rel=\"nofollow\">@ufv.br<\/a><\/p>\n<p>Hor\u00e1rio de atendimento 8h \u00e0s 17h<\/p>\n","protected":false},"excerpt":{"rendered":"<p>Servi\u00e7o de visita orientada oferecido \u00e0 comunidade para o conhecimento do espa\u00e7o f\u00edsico e das rotinas de trabalho da Biblioteca. Para mais informa\u00e7\u00f5es, contate: Chefe da Biblioteca Local : Sala BBT 118 \u2013 Telefone : (34) 3855-9363 \/ e-mail: crislene@ufv.br Hor\u00e1rio de atendimento 8h \u00e0s 17h<\/p>\n","protected":false},"author":7,"featured_media":0,"parent":0,"menu_order":0,"comment_status":"closed","ping_status":"closed","template":"","meta":{"footnotes":""},"class_list":["post-2328","page","type-page","status-publish","hentry"],"_links":{"self":[{"href":"https:\/\/bbt.crp.ufv.br\/index.php?rest_route=\/wp\/v2\/pages\/2328","targetHints":{"allow":["GET"]}}],"collection":[{"href":"https:\/\/bbt.crp.ufv.br\/index.php?rest_route=\/wp\/v2\/pages"}],"about":[{"href":"https:\/\/bbt.crp.ufv.br\/index.php?rest_route=\/wp\/v2\/types\/page"}],"author":[{"embeddable":true,"href":"https:\/\/bbt.crp.ufv.br\/index.php?rest_route=\/wp\/v2\/users\/7"}],"replies":[{"embeddable":true,"href":"https:\/\/bbt.crp.ufv.br\/index.php?rest_route=%2Fwp%2Fv2%2Fcomments&post=2328"}],"version-history":[{"count":2,"href":"https:\/\/bbt.crp.ufv.br\/index.php?rest_route=\/wp\/v2\/pages\/2328\/revisions"}],"predecessor-version":[{"id":2451,"href":"https:\/\/bbt.crp.ufv.br\/index.php?rest_route=\/wp\/v2\/pages\/2328\/revisions\/2451"}],"wp:attachment":[{"href":"https:\/\/bbt.crp.ufv.br\/index.php?rest_route=%2Fwp%2Fv2%2Fmedia&parent=2328"}],"curies":[{"name":"wp","href":"https:\/\/api.w.org\/{rel}","templated":true}]}}