{"id":2374,"date":"2018-10-23T11:28:16","date_gmt":"2018-10-23T14:28:16","guid":{"rendered":"https:\/\/bbt.crp.ufv.br\/?page_id=2374"},"modified":"2018-11-29T14:47:25","modified_gmt":"2018-11-29T17:47:25","slug":"ficha-catalografica-acesso","status":"publish","type":"page","link":"https:\/\/bbt.crp.ufv.br\/?page_id=2374","title":{"rendered":"Ficha catalogr\u00e1fica Acesso"},"content":{"rendered":"<p><strong>Solicita\u00e7\u00e3o de Confec\u00e7\u00e3o da Ficha Catalogr\u00e1fica<\/strong><\/p>\n<p>A solicita\u00e7\u00e3o de ficha catalogr\u00e1fica dever\u00e1 ser feita pelo link abaixo, inserindo sua matr\u00edcula e senha Sapiens, observando o preenchimento de todos os itens:<\/p>\n<p><strong>Passo 1:<\/strong><\/p>\n<p>Clica em Ficha catalogr\u00e1fica &#8211; Solicitar confec\u00e7\u00e3o.<\/p>\n<p><a href=\"https:\/\/bbt.crp.ufv.br\/wp-content\/uploads\/1.png\"><img loading=\"lazy\" decoding=\"async\" class=\"alignnone size-full wp-image-2536\" src=\"https:\/\/bbt.crp.ufv.br\/wp-content\/uploads\/1.png\" alt=\"\" width=\"1537\" height=\"718\" srcset=\"https:\/\/bbt.crp.ufv.br\/wp-content\/uploads\/1.png 1537w, https:\/\/bbt.crp.ufv.br\/wp-content\/uploads\/1-300x140.png 300w, https:\/\/bbt.crp.ufv.br\/wp-content\/uploads\/1-768x359.png 768w, https:\/\/bbt.crp.ufv.br\/wp-content\/uploads\/1-1024x478.png 1024w, https:\/\/bbt.crp.ufv.br\/wp-content\/uploads\/1-500x234.png 500w\" sizes=\"auto, (max-width: 1537px) 100vw, 1537px\" \/><\/a><\/p>\n<p><strong>Passo 2:<\/strong><\/p>\n<p>Marcar o Grau que voc\u00ea est\u00e1 se formando: gradua\u00e7\u00e3o, especializa\u00e7\u00e3o, mestrado ou doutorado.<\/p>\n<p><a href=\"https:\/\/bbt.crp.ufv.br\/wp-content\/uploads\/Ficha2.png\"><img loading=\"lazy\" decoding=\"async\" class=\"alignnone size-full wp-image-2512\" src=\"https:\/\/bbt.crp.ufv.br\/wp-content\/uploads\/Ficha2.png\" alt=\"\" width=\"2000\" height=\"1038\" srcset=\"https:\/\/bbt.crp.ufv.br\/wp-content\/uploads\/Ficha2.png 2000w, https:\/\/bbt.crp.ufv.br\/wp-content\/uploads\/Ficha2-300x156.png 300w, https:\/\/bbt.crp.ufv.br\/wp-content\/uploads\/Ficha2-768x399.png 768w, https:\/\/bbt.crp.ufv.br\/wp-content\/uploads\/Ficha2-1024x531.png 1024w, https:\/\/bbt.crp.ufv.br\/wp-content\/uploads\/Ficha2-500x260.png 500w\" sizes=\"auto, (max-width: 2000px) 100vw, 2000px\" \/><\/a><\/p>\n<p>O formul\u00e1rio ser\u00e1 aberto para preenchimento.<\/p>\n<p>Obs: Ao preencher o formul\u00e1rio no campo <strong>Departamento<\/strong>: digitar o Nome do Instituto ao qual o Curso pertence. Ao final do preenchimento, anexar o arquivo do trabalho em .pdf. Clicar em <strong>Enviar<\/strong>.<\/p>\n<p>Voc\u00ea ser\u00e1 comunicado, no e-mail cadastrado no Sapiens, quando sua ficha estar\u00e1 pronta para impress\u00e3o, o prazo m\u00e9dio \u00e9 de 72 hrs.<\/p>\n<p><strong>Passo 3:<\/strong><\/p>\n<p>Quando for comunicado por e-mail, entrar no site e clicar em Ficha catalogr\u00e1fica- Listar.<\/p>\n<p><a href=\"https:\/\/bbt.crp.ufv.br\/wp-content\/uploads\/2.png\"><img loading=\"lazy\" decoding=\"async\" class=\"alignnone size-full wp-image-2537\" src=\"https:\/\/bbt.crp.ufv.br\/wp-content\/uploads\/2.png\" alt=\"\" width=\"1543\" height=\"722\" srcset=\"https:\/\/bbt.crp.ufv.br\/wp-content\/uploads\/2.png 1543w, https:\/\/bbt.crp.ufv.br\/wp-content\/uploads\/2-300x140.png 300w, https:\/\/bbt.crp.ufv.br\/wp-content\/uploads\/2-768x359.png 768w, https:\/\/bbt.crp.ufv.br\/wp-content\/uploads\/2-1024x479.png 1024w, https:\/\/bbt.crp.ufv.br\/wp-content\/uploads\/2-500x234.png 500w\" sizes=\"auto, (max-width: 1543px) 100vw, 1543px\" \/><\/a><\/p>\n<p><strong>Passo 4:<\/strong><\/p>\n<p>Situa\u00e7\u00e3o estar\u00e1 Aprovada. A\u00e7\u00e3o: <strong>clicar na Lupa\u00a0<\/strong>visualizar, conferir e imprimir a ficha catalogr\u00e1fica. Levar \u00e0 Biblioteca para assinatura e carimbo da Bibliotec\u00e1ria respons\u00e1vel.<\/p>\n<p><a href=\"https:\/\/bbt.crp.ufv.br\/wp-content\/uploads\/Ficha4.png\"><img loading=\"lazy\" decoding=\"async\" class=\"alignnone size-full wp-image-2518\" src=\"https:\/\/bbt.crp.ufv.br\/wp-content\/uploads\/Ficha4.png\" alt=\"\" width=\"1036\" height=\"598\" srcset=\"https:\/\/bbt.crp.ufv.br\/wp-content\/uploads\/Ficha4.png 1036w, https:\/\/bbt.crp.ufv.br\/wp-content\/uploads\/Ficha4-300x173.png 300w, https:\/\/bbt.crp.ufv.br\/wp-content\/uploads\/Ficha4-768x443.png 768w, https:\/\/bbt.crp.ufv.br\/wp-content\/uploads\/Ficha4-1024x591.png 1024w, https:\/\/bbt.crp.ufv.br\/wp-content\/uploads\/Ficha4-500x289.png 500w\" sizes=\"auto, (max-width: 1036px) 100vw, 1036px\" \/><\/a><\/p>\n<p style=\"margin: 0cm; margin-bottom: .0001pt;\">\u00a0 Atenciosamente<\/p>\n<p style=\"margin: 0cm; margin-bottom: .0001pt;\">\u00a0 Crislene Silva de Souza<\/p>\n<p style=\"margin: 0cm; margin-bottom: .0001pt;\">\u00a0 Bibliotec\u00e1ria-Documentalista<\/p>\n<p style=\"margin: 0cm; margin-bottom: .0001pt;\">\u00a0 Chefe Setor Biblioteca<\/p>\n<p style=\"margin: 0cm; margin-bottom: .0001pt;\">\u00a0 34 &#8211; 3855-9363<\/p>\n<h6 style=\"margin: 0cm; margin-bottom: .0001pt;\"><\/h6>\n<h3 style=\"text-align: center;\">&#x1f539;<strong><a href=\"https:\/\/www3.dti.ufv.br\/bbt\/ficha\/autenticacao\" target=\"_blank\" rel=\"noopener\">Acessar Ficha Catalogr\u00e1fica<\/a><\/strong><\/h3>\n","protected":false},"excerpt":{"rendered":"<p>Solicita\u00e7\u00e3o de Confec\u00e7\u00e3o da Ficha Catalogr\u00e1fica A solicita\u00e7\u00e3o de ficha catalogr\u00e1fica dever\u00e1 ser feita pelo link abaixo, inserindo sua matr\u00edcula e senha Sapiens, observando o preenchimento de todos os itens: Passo 1: Clica em Ficha catalogr\u00e1fica &#8211; Solicitar confec\u00e7\u00e3o. Passo 2: Marcar o Grau que voc\u00ea est\u00e1 se formando: gradua\u00e7\u00e3o, especializa\u00e7\u00e3o, mestrado ou doutorado. O [&hellip;]<\/p>\n","protected":false},"author":7,"featured_media":0,"parent":0,"menu_order":0,"comment_status":"closed","ping_status":"closed","template":"","meta":{"footnotes":""},"class_list":["post-2374","page","type-page","status-publish","hentry"],"_links":{"self":[{"href":"https:\/\/bbt.crp.ufv.br\/index.php?rest_route=\/wp\/v2\/pages\/2374","targetHints":{"allow":["GET"]}}],"collection":[{"href":"https:\/\/bbt.crp.ufv.br\/index.php?rest_route=\/wp\/v2\/pages"}],"about":[{"href":"https:\/\/bbt.crp.ufv.br\/index.php?rest_route=\/wp\/v2\/types\/page"}],"author":[{"embeddable":true,"href":"https:\/\/bbt.crp.ufv.br\/index.php?rest_route=\/wp\/v2\/users\/7"}],"replies":[{"embeddable":true,"href":"https:\/\/bbt.crp.ufv.br\/index.php?rest_route=%2Fwp%2Fv2%2Fcomments&post=2374"}],"version-history":[{"count":27,"href":"https:\/\/bbt.crp.ufv.br\/index.php?rest_route=\/wp\/v2\/pages\/2374\/revisions"}],"predecessor-version":[{"id":2539,"href":"https:\/\/bbt.crp.ufv.br\/index.php?rest_route=\/wp\/v2\/pages\/2374\/revisions\/2539"}],"wp:attachment":[{"href":"https:\/\/bbt.crp.ufv.br\/index.php?rest_route=%2Fwp%2Fv2%2Fmedia&parent=2374"}],"curies":[{"name":"wp","href":"https:\/\/api.w.org\/{rel}","templated":true}]}}