{"id":2611,"date":"2019-11-02T17:40:31","date_gmt":"2019-11-02T20:40:31","guid":{"rendered":"https:\/\/bbt.crp.ufv.br\/?page_id=2611"},"modified":"2019-11-13T09:31:42","modified_gmt":"2019-11-13T12:31:42","slug":"tutorial-para-download-de-pdf-abnt","status":"publish","type":"page","link":"https:\/\/bbt.crp.ufv.br\/?page_id=2611","title":{"rendered":"Acesso as normas ABNT"},"content":{"rendered":"<p>&nbsp;<\/p>\n<p><a href=\"https:\/\/bbt.crp.ufv.br\/wp-content\/uploads\/tela1.png\"><img loading=\"lazy\" decoding=\"async\" class=\"alignnone size-full wp-image-2631\" src=\"https:\/\/bbt.crp.ufv.br\/wp-content\/uploads\/tela1.png\" alt=\"\" width=\"1231\" height=\"736\" srcset=\"https:\/\/bbt.crp.ufv.br\/wp-content\/uploads\/tela1.png 1231w, https:\/\/bbt.crp.ufv.br\/wp-content\/uploads\/tela1-300x179.png 300w, https:\/\/bbt.crp.ufv.br\/wp-content\/uploads\/tela1-768x459.png 768w, https:\/\/bbt.crp.ufv.br\/wp-content\/uploads\/tela1-1024x612.png 1024w, https:\/\/bbt.crp.ufv.br\/wp-content\/uploads\/tela1-500x300.png 500w\" sizes=\"auto, (max-width: 1231px) 100vw, 1231px\" \/><\/a><\/p>\n<p>1&#xfe0f;&#x20e3;\u00a0Clique na aba Consulta ao Acervo.<\/p>\n<p>2&#xfe0f;&#x20e3;\u00a0Depois clique em &#8220;Cat\u00e1logo\u00a0<i>On-line<\/i>, consulta ao acervo, renova\u00e7\u00f5es e reservas&#8221;.<\/p>\n<p>&nbsp;<\/p>\n<p><a href=\"https:\/\/bbt.crp.ufv.br\/wp-content\/uploads\/tela2-1.png\"><img loading=\"lazy\" decoding=\"async\" class=\"alignnone size-full wp-image-2632\" src=\"https:\/\/bbt.crp.ufv.br\/wp-content\/uploads\/tela2-1.png\" alt=\"\" width=\"1261\" height=\"846\" srcset=\"https:\/\/bbt.crp.ufv.br\/wp-content\/uploads\/tela2-1.png 1261w, https:\/\/bbt.crp.ufv.br\/wp-content\/uploads\/tela2-1-300x201.png 300w, https:\/\/bbt.crp.ufv.br\/wp-content\/uploads\/tela2-1-768x515.png 768w, https:\/\/bbt.crp.ufv.br\/wp-content\/uploads\/tela2-1-1024x687.png 1024w, https:\/\/bbt.crp.ufv.br\/wp-content\/uploads\/tela2-1-447x300.png 447w\" sizes=\"auto, (max-width: 1261px) 100vw, 1261px\" \/><\/a><\/p>\n<p>3&#xfe0f;&#x20e3;\u00a0No campo de busca em &#8220;Pesquisa Geral&#8221; digite o nome da norma e clique em &#8220;Pesquisar&#8221; Exemplo: Concreto Portland.<\/p>\n<p>4&#xfe0f;&#x20e3;\u00a0\u00a0As informa\u00e7\u00f5es aparecer\u00e3o no campo abaixo conforme apresentado no quadro em vermelho.<\/p>\n<p>&nbsp;<\/p>\n<p><a href=\"https:\/\/bbt.crp.ufv.br\/wp-content\/uploads\/tela3.png\"><img loading=\"lazy\" decoding=\"async\" class=\"alignnone size-full wp-image-2633\" src=\"https:\/\/bbt.crp.ufv.br\/wp-content\/uploads\/tela3.png\" alt=\"\" width=\"1341\" height=\"897\" srcset=\"https:\/\/bbt.crp.ufv.br\/wp-content\/uploads\/tela3.png 1341w, https:\/\/bbt.crp.ufv.br\/wp-content\/uploads\/tela3-300x201.png 300w, https:\/\/bbt.crp.ufv.br\/wp-content\/uploads\/tela3-768x514.png 768w, https:\/\/bbt.crp.ufv.br\/wp-content\/uploads\/tela3-1024x685.png 1024w, https:\/\/bbt.crp.ufv.br\/wp-content\/uploads\/tela3-448x300.png 448w\" sizes=\"auto, (max-width: 1341px) 100vw, 1341px\" \/><\/a><\/p>\n<p>5&#xfe0f;&#x20e3;\u00a0Clique em &#8220;Pesquisa Target GEDWeb&#8221;.<\/p>\n<p>&#x25ab;&#xfe0f; Logo em seguida um novo campo de informa\u00e7\u00f5es ir\u00e3o aparecer.<\/p>\n<p>6&#xfe0f;&#x20e3;\u00a0Clique no campo onde aparece a imagem da norma conforme apresentado no quadrado vermelho.<\/p>\n<p>&nbsp;<\/p>\n<p><a href=\"https:\/\/bbt.crp.ufv.br\/wp-content\/uploads\/tela4.png\"><img loading=\"lazy\" decoding=\"async\" class=\"alignnone size-full wp-image-2634\" src=\"https:\/\/bbt.crp.ufv.br\/wp-content\/uploads\/tela4.png\" alt=\"\" width=\"1317\" height=\"828\" srcset=\"https:\/\/bbt.crp.ufv.br\/wp-content\/uploads\/tela4.png 1317w, https:\/\/bbt.crp.ufv.br\/wp-content\/uploads\/tela4-300x189.png 300w, https:\/\/bbt.crp.ufv.br\/wp-content\/uploads\/tela4-768x483.png 768w, https:\/\/bbt.crp.ufv.br\/wp-content\/uploads\/tela4-1024x644.png 1024w, https:\/\/bbt.crp.ufv.br\/wp-content\/uploads\/tela4-477x300.png 477w\" sizes=\"auto, (max-width: 1317px) 100vw, 1317px\" \/><\/a><\/p>\n<p>&nbsp;<\/p>\n<p>&#x25ab;&#xfe0f; Logo ap\u00f3s uma nova janela ir\u00e1 abrir.<\/p>\n<p>7&#xfe0f;&#x20e3;\u00a0Insira no campo &#8220;C\u00f3digo&#8221;\u00a0 os d\u00edgitos 3000 mais o n\u00famero de sua matricula.\u00a0 Exemplo:\u00a0 30009282 .<\/p>\n<p>8&#xfe0f;&#x20e3;\u00a0Insira no campo &#8220;Senha&#8221; a senha da biblioteca, contendo 4 d\u00edgitos. Caso n\u00e3o lembre, ela pode ser acessada no Sapiens no campo &#8220;Biblioteca&#8221;.<\/p>\n<p>9&#xfe0f;&#x20e3;\u00a0Logo ap\u00f3s informar o c\u00f3digo e a senha clique em &#8220;Login&#8221;.<\/p>\n<p>&nbsp;<\/p>\n<p><a href=\"https:\/\/bbt.crp.ufv.br\/wp-content\/uploads\/tela5.png\"><img loading=\"lazy\" decoding=\"async\" class=\"alignnone size-full wp-image-2635\" src=\"https:\/\/bbt.crp.ufv.br\/wp-content\/uploads\/tela5.png\" alt=\"\" width=\"1259\" height=\"781\" srcset=\"https:\/\/bbt.crp.ufv.br\/wp-content\/uploads\/tela5.png 1259w, https:\/\/bbt.crp.ufv.br\/wp-content\/uploads\/tela5-300x186.png 300w, https:\/\/bbt.crp.ufv.br\/wp-content\/uploads\/tela5-768x476.png 768w, https:\/\/bbt.crp.ufv.br\/wp-content\/uploads\/tela5-1024x635.png 1024w, https:\/\/bbt.crp.ufv.br\/wp-content\/uploads\/tela5-484x300.png 484w\" sizes=\"auto, (max-width: 1259px) 100vw, 1259px\" \/><\/a><\/p>\n<p>&#x25ab;&#xfe0f; Uma janela ir\u00e1 abrir com todas as informa\u00e7\u00f5es da norma.<\/p>\n","protected":false},"excerpt":{"rendered":"<p>&nbsp; 1&#xfe0f;&#x20e3;\u00a0Clique na aba Consulta ao Acervo. 2&#xfe0f;&#x20e3;\u00a0Depois clique em &#8220;Cat\u00e1logo\u00a0On-line, consulta ao acervo, renova\u00e7\u00f5es e reservas&#8221;. &nbsp; 3&#xfe0f;&#x20e3;\u00a0No campo de busca em &#8220;Pesquisa Geral&#8221; digite o nome da norma e clique em &#8220;Pesquisar&#8221; Exemplo: Concreto Portland. 4&#xfe0f;&#x20e3;\u00a0\u00a0As informa\u00e7\u00f5es aparecer\u00e3o no campo abaixo conforme apresentado no quadro em vermelho. &nbsp; 5&#xfe0f;&#x20e3;\u00a0Clique em &#8220;Pesquisa Target GEDWeb&#8221;. [&hellip;]<\/p>\n","protected":false},"author":7,"featured_media":0,"parent":0,"menu_order":0,"comment_status":"closed","ping_status":"closed","template":"","meta":{"footnotes":""},"class_list":["post-2611","page","type-page","status-publish","hentry"],"_links":{"self":[{"href":"https:\/\/bbt.crp.ufv.br\/index.php?rest_route=\/wp\/v2\/pages\/2611","targetHints":{"allow":["GET"]}}],"collection":[{"href":"https:\/\/bbt.crp.ufv.br\/index.php?rest_route=\/wp\/v2\/pages"}],"about":[{"href":"https:\/\/bbt.crp.ufv.br\/index.php?rest_route=\/wp\/v2\/types\/page"}],"author":[{"embeddable":true,"href":"https:\/\/bbt.crp.ufv.br\/index.php?rest_route=\/wp\/v2\/users\/7"}],"replies":[{"embeddable":true,"href":"https:\/\/bbt.crp.ufv.br\/index.php?rest_route=%2Fwp%2Fv2%2Fcomments&post=2611"}],"version-history":[{"count":12,"href":"https:\/\/bbt.crp.ufv.br\/index.php?rest_route=\/wp\/v2\/pages\/2611\/revisions"}],"predecessor-version":[{"id":2640,"href":"https:\/\/bbt.crp.ufv.br\/index.php?rest_route=\/wp\/v2\/pages\/2611\/revisions\/2640"}],"wp:attachment":[{"href":"https:\/\/bbt.crp.ufv.br\/index.php?rest_route=%2Fwp%2Fv2%2Fmedia&parent=2611"}],"curies":[{"name":"wp","href":"https:\/\/api.w.org\/{rel}","templated":true}]}}